 common divisor of 224272 and 48?
16
Calculate the greatest common divisor of 110 and 1186.
2
Calculate the highest common divisor of 9728 and 67488.
608
What is the highest common divisor of 9962 and 374?
34
Calculate the highest common divisor of 468 and 4474080.
468
What is the highest common factor of 308004 and 24?
12
Calculate the highest common divisor of 66407 and 22.
11
Calculate the highest common divisor of 4116176 and 74.
74
Calculate the highest common factor of 48 and 9294.
6
What is the greatest common divisor of 14803230 and 390?
390
Calculate the greatest common factor of 7240 and 185.
5
What is the greatest common factor of 7130 and 38130?
310
What is the highest common divisor of 7560 and 11620?
140
Calculate the highest common factor of 5836 and 20.
4
What is the greatest common factor of 72688 and 1386?
154
What is the highest common divisor of 258 and 95374?
86
Calculate the highest common factor of 9952 and 14.
2
Calculate the greatest common factor of 278408 and 13.
13
What is the greatest common factor of 3519 and 441?
9
Calculate the greatest common divisor of 8896 and 1251.
139
What is the greatest common factor of 66286 and 92?
46
What is the greatest common factor of 258135 and 15?
15
Calculate the highest common factor of 493 and 580295.
17
What is the highest common factor of 204 and 4098?
6
What is the greatest common factor of 165928 and 7?
7
Calculate the greatest common factor of 1309 and 3817.
11
Calculate the highest common divisor of 621998 and 509.
509
Calculate the greatest common divisor of 12 and 100712.
4
What is the greatest common divisor of 9004 and 768?
4
Calculate the highest common divisor of 18 and 3402342.
18
Calculate the greatest common divisor of 115 and 634685.
115
What is the greatest common factor of 8911 and 21708?
67
What is the greatest common factor of 155 and 408010?
5
What is the greatest common divisor of 39 and 17987073?
39
Calculate the greatest common factor of 8188 and 244216.
356
Calculate the greatest common divisor of 240 and 8574360.
120
Calculate the greatest common divisor of 25 and 643850.
25
What is the highest common factor of 32361 and 207?
69
What is the highest common divisor of 406 and 21?
7
Calculate the greatest common divisor of 2064 and 24.
24
Calculate the highest common factor of 86346 and 2561.
13
Calculate the highest common divisor of 134320 and 400.
80
What is the greatest common divisor of 1502736 and 56?
8
What is the greatest common factor of 3586 and 3256?
22
What is the greatest common divisor of 1712381 and 22?
11
Calculate the greatest common factor of 1846 and 2353.
13
What is the highest common divisor of 345 and 6870?
15
What is the highest common divisor of 5344 and 208?
16
What is the highest common factor of 1000837 and 397?
397
What is the highest common divisor of 126 and 432992?
14
Calculate the greatest common factor of 208 and 70486.
26
Calculate the highest common divisor of 159070 and 190.
10
What is the highest common factor of 218873 and 1?
1
What is the greatest common factor of 3375 and 29?
1
What is the greatest common factor of 5885 and 487920?
535
What is the greatest common factor of 370 and 5410?
10
Calculate the greatest common divisor of 267 and 10502.
89
What is the highest common factor of 213453 and 407?
37
Calculate the greatest common factor of 122642 and 65.
13
What is the highest common divisor of 132 and 1496?
44
Calculate the greatest common factor of 168 and 570808.
56
What is the greatest common factor of 26510 and 165?
55
Calculate the greatest common factor of 488768 and 42.
14
What is the highest common divisor of 6990 and 90?
30
Calculate the greatest common factor of 85 and 1165.
5
What is the highest common factor of 3483 and 1634?
43
What is the greatest common divisor of 4366 and 3776?
118
What is the greatest common factor of 126315 and 189?
63
What is the greatest common factor of 10126 and 156038?
122
Calculate the highest common factor of 1775 and 152721.
71
What is the greatest common factor of 188 and 10222312?
188
What is the highest common divisor of 17739 and 972?
243
What is the greatest common factor of 2171792 and 336?
112
What is the highest common divisor of 490 and 393862?
98
Calculate the highest common divisor of 96 and 485712.
48
What is the highest common divisor of 92325 and 375?
75
Calculate the highest common divisor of 1504 and 736.
32
Calculate the greatest common divisor of 415601 and 67.
67
What is the highest common divisor of 3632 and 64?
16
Calculate the highest common factor of 161 and 56281.
23
Calculate the highest common divisor of 14499 and 108.
27
Calculate the highest common divisor of 7885 and 75.
5
Calculate the highest common factor of 6 and 23682.
6
Calculate the highest common divisor of 555 and 4551.
111
Calculate the highest common divisor of 6384 and 6327.
57
Calculate the highest common factor of 9 and 12534.
3
What is the greatest common divisor of 20 and 6093910?
10
Calculate the highest common divisor of 78 and 155766.
78
What is the greatest common divisor of 130420 and 180?
20
What is the greatest common factor of 1560830 and 127?
127
Calculate the greatest common factor of 87413 and 732.
61
Calculate the greatest common divisor of 10640 and 30730.
70
What is the greatest common divisor of 151776 and 3689?
527
Calculate the highest common factor of 250976 and 2392.
184
What is the greatest common factor of 23250 and 5301?
93
Calculate the highest common factor of 2802 and 6.
6
Calculate the greatest common factor of 621 and 5378688.
207
Calculate the highest common factor of 1836 and 527204.
68
What is the highest common divisor of 14275 and 950?
25
Calculate the greatest common divisor of 224 and 30898.
14
Calculate the greatest common factor of 44073 and 708.
177
Calculate the greatest common factor of 43996 and 204.
68
What is the greatest common divisor of 18819 and 186796?
697
Calculate the highest common factor of 296 and 2222072.
296
What is the highest common divisor of 611 and 17?
1
Calculate the highest common factor of 377262 and 450.
18
Calculate the greatest common factor of 70 and 8100.
10
Calculate the greatest common factor of 55 and 133364.
11
What is the greatest common divisor of 1290317 and 4998?
833
What is the greatest common divisor of 2160 and 12406320?
720
Calculate the highest common divisor of 110 and 740.
10
What is the greatest common divisor of 3284280 and 45?
45
Calculate the greatest common divisor of 21546 and 28854.
126
Calculate the greatest common divisor of 260 and 7735.
65
Calculate the highest common factor of 34830 and 3010.
430
What is the greatest common factor of 3082 and 2944?
46
What is the greatest common divisor of 115 and 15865?
5
Calculate the greatest common divisor of 1196 and 3128.
92
Calculate the greatest common divisor of 648 and 204525.
81
What is the greatest common factor of 651823 and 1262?
631
Calculate the greatest common divisor of 4168 and 3464.
8
What is the highest common divisor of 262704 and 936?
312
Calculate the highest common divisor of 585 and 91350.
45
What is the greatest common divisor of 140 and 5929756?
28
What is the greatest common divisor of 877626 and 54?
18
Calculate the highest common factor of 171689 and 7.
7
Calculate the greatest common factor of 120 and 105540.
60
Calculate the highest common divisor of 3 and 26571.
3
Calculate the highest common divisor of 317561 and 23.
23
Calculate the highest common divisor of 17390 and 5920.
370
Calculate the greatest common factor of 1 and 85643.
1
What is the highest common divisor of 259581 and 329?
329
Calculate the greatest common factor of 309895 and 10.
5
What is the highest common factor of 297 and 9185?
11
Calculate the greatest common factor of 992 and 7648.
32
Calculate the highest common factor of 73 and 1628192.
73
What is the highest common factor of 609 and 11774?
203
Calculate the greatest common divisor of 494950 and 30.
10
Calculate the highest common factor of 25 and 490435.
5
Calculate the greatest common divisor of 55620 and 78840.
540
Calculate the greatest common divisor of 1960 and 15120.
280
Calculate the highest common divisor of 1647 and 121390.
61
Calculate the greatest common divisor of 111 and 34313